{"id":47,"date":"2021-05-01T18:41:20","date_gmt":"2021-05-01T18:41:20","guid":{"rendered":"http:\/\/www.rehape.cz\/?page_id=47"},"modified":"2026-02-03T19:23:48","modified_gmt":"2026-02-03T19:23:48","slug":"o-mne","status":"publish","type":"page","link":"https:\/\/www.rehape.cz\/index.php\/o-mne\/","title":{"rendered":"P\u00e1r slov o mn\u011b"},"content":{"rendered":"<div class=\"wp-block-image is-resized\">\n<figure class=\"aligncenter size-large\"><img loading=\"lazy\" decoding=\"async\" width=\"432\" height=\"592\" src=\"http:\/\/www.rehape.cz\/wp-content\/uploads\/2022\/05\/20171009_135540.jpg\" alt=\"\" class=\"wp-image-326\" style=\"width:206px;height:auto\" srcset=\"https:\/\/www.rehape.cz\/wp-content\/uploads\/2022\/05\/20171009_135540.jpg 432w, https:\/\/www.rehape.cz\/wp-content\/uploads\/2022\/05\/20171009_135540-219x300.jpg 219w\" sizes=\"(max-width: 432px) 100vw, 432px\" \/><\/figure><\/div>\n\n\n<p>Bc. Hana Pek\u00e1rkov\u00e1, DiS.<\/p>\n\n\n\n<p>Propojen\u00ed du\u0161e a t\u011bla m\u011b fascinovalo ji\u017e od d\u011btstv\u00ed. Vystudovala jsem VZ\u0160 v Praze, obor psychiatrie, V\u0160Z obor fyzioterapie a d\u00e1le se vzd\u011bl\u00e1v\u00e1m na magistersk\u00e9m studiu v Bratislav\u011b na Fakult\u011b o\u0161et\u0159ovatelstv\u00ed a zdravotnick\u00fdch obor\u016f v oboru fyzioterapie a na CADAN &#8211; School of Osteopathy v oboru osteopatie. Jde o mezin\u00e1rodn\u011b uznav\u00e1nou \u0161kolu, jej\u00ed\u017e v\u00fduka odpov\u00edd\u00e1 standard\u016fm WHO, EFSOET a CEN.<\/p>\n\n\n\n<p>Terapii a alternativn\u00edm metod\u00e1m podpory zdrav\u00ed se v\u011bnuji p\u0159es 18 let. Za svou praxi jsem si vyp\u011bstovala svoji vlastn\u00ed techniku, ve kter\u00e9 kombinuji terapie s \u00e1jurv\u00e9dsk\u00fdmi, havajsk\u00fdmi, \u010d\u00ednsk\u00fdmi, japonsk\u00fdmi a thajsk\u00fdmi technikami. Terapie propojuji se sv\u00fdmi poznatky s fyzioterapie a osteopatie.<\/p>\n\n\n\n<p>P\u0159i sv\u00e9 pr\u00e1ci se sna\u017e\u00edm propojit zm\u011bny a probl\u00e9my v oblasti pohybov\u00e9ho apar\u00e1tu, pohybov\u00fdmi n\u00e1vyky a stereotypy, s va\u0161\u00edm \u017eivotn\u00edm stylem a psychikou.<\/p>\n\n\n\n<p>Osobn\u011b se zaj\u00edm\u00e1m i o Va\u0161e starosti a \u017eivotn\u00ed rytmus, kter\u00e9 maj\u00ed souvislost se vznikem Va\u0161ich prim\u00e1rn\u00edch pohybov\u00fdch obt\u00ed\u017e\u00ed. Orientuji se na t\u011ble podle prov\u00e1zanosti funk\u010dn\u00edch zm\u011bn org\u00e1n\u016f, sval\u016f, m\u011bkk\u00fdch tk\u00e1n\u00ed &#8211; fasci\u00ed, c\u00e9v, lymfatick\u00fdch c\u00e9v, nerv\u016f, kloub\u016f a p\u00e1te\u0159e.<\/p>\n\n\n\n<p>Terapii dopl\u0148uji o zdravotn\u00ed cvi\u010den\u00ed zam\u011b\u0159en\u00e9 na korekci svalov\u00fdch dysbalanc\u00ed.<\/p>\n\n\n\n<p><strong>Profesn\u00ed profil<\/strong><\/p>\n\n\n\n<p>Slovensk\u00e1 zdravotnick\u00e1 univerzita, Fakulta o\u0161et\u0159ovatelstv\u00ed a zdravotnick\u00fdch obor\u016f,  magistersk\u00fd obor &#8211; fyzioterapie &#8211; studuji<\/p>\n\n\n\n<p>CADAN &#8211; School of Osteopathy &#8211; studuji<\/p>\n\n\n\n<p id=\"u239541-2\">Vysok\u00e1 \u0161kola zdravotnick\u00e1 &#8211; St\u00e1tn\u00ed z\u00e1v\u011bre\u010dn\u00e1 zkou\u0161ka z fyzioterapie &#8211; teoretick\u00e1                        a praktick\u00e1. Obhajoba bakal\u00e1\u0159sk\u00e9 pr\u00e1ce &#8211; Fyzioterapie u pacienta s ankylozuj\u00edc\u00ed spondylitidou<\/p>\n\n\n\n<p id=\"u239541-2\">Vy\u0161\u0161\u00ed odborn\u00e1 \u0161kola &#8211; Absolutorium z praktick\u00e9 a teoretick\u00e9 (psychologie, psychiatrie              a psychoterapie). Obhajoba absolventsk\u00e9 pr\u00e1ce &#8211; Tvo\u0159iv\u00e1 komunikace s ment\u00e1ln\u011b retardovan\u00fdm pacientem na psychiatrii<\/p>\n\n\n\n<p><strong>\u010clen<\/strong>                                        <\/p>\n\n\n\n<p>Unie fyzioterapeut\u016f \u010cR<\/p>\n\n\n\n<p class=\"has-text-align-left\"><strong>Pracovn\u00ed zku\u0161enosti<\/strong>                                                                                                                                                                                                                                                                                                                                                                                                                                                                                                                                                                                                                                                                                <\/p>\n\n\n\n<p>1\/2025 &#8211; dosud, Odd\u011blen\u00ed rehabilita\u010dn\u00ed a fyzik\u00e1ln\u00ed medic\u00edny, Nemocnice Na Franti\u0161ku <\/p>\n\n\n\n<p class=\"has-text-align-left\">9\/2021 &#8211; 5\/2024 Odd\u011blen\u00ed fyzioterapie a fyzik\u00e1ln\u00ed medic\u00edny, neurologie, ARO, \u00daVN<\/p>\n\n\n\n<p>4\/2018 &#8211; dosud, Tren\u00e9rsk\u00e1 \u010dinnost se zam\u011b\u0159en\u00edm na individu\u00e1ln\u00ed zdravotn\u00ed cvi\u010den\u00ed<\/p>\n\n\n\n<p class=\"has-text-align-left\">9\/2014 &#8211; 6\/2017 Odd\u011blen\u00ed spondylochirurgie, neurologie, ortopedie, traumatologie                   a odd\u011blen\u00ed fyzioterapie a fyzik\u00e1ln\u00ed medic\u00edny \u00daVN<\/p>\n\n\n\n<p>7\/209 &#8211; 6\/2014 Horsk\u00e9 rekrea\u010dn\u00ed za\u0159\u00edzen\u00ed &#8211; Vedouc\u00ed provozu + terapie pohybov\u00e9ho apar\u00e1tu<\/p>\n\n\n\n<p class=\"has-text-align-left\">8\/2005 &#8211; 6\/2009 Mate\u0159sk\u00e1 a z\u00e1kladn\u00ed \u0161kola speci\u00e1ln\u00ed, terapeut pro v\u00fdtvarnou \u010dinnost, terapeut pohybov\u00e9 v\u00fdchovy<\/p>\n\n\n\n<p class=\"has-text-align-left\">4\/2004 &#8211; dosud, Terapeut OSV\u010c<\/p>\n\n\n\n<p class=\"has-text-align-left\"><strong>Znalosti a dovednosti <\/strong>&#8211; Absolvovan\u00e9 kurzy<\/p>\n\n\n\n<p class=\"has-text-align-left\">2025 Viscer\u00e1ln\u00ed terapie, Mgr. Magda Klimaszevska, D.O., MSc PT.<\/p>\n\n\n\n<p class=\"has-text-align-left\">2024 Hlubok\u00fd stabiliza\u010dn\u00ed syst\u00e9m p\u00e1te\u0159e, Rehabilitace Bitnar<\/p>\n\n\n\n<p class=\"has-text-align-left\">2023 Mulligan koncept refres kurz, Sakis Adamidis, PT, PhD.<\/p>\n\n\n\n<p class=\"has-text-align-left\">2023 Brian Mulliga&#8217;ns Concept, MOBILISATIONS WITH MOVEMENT, NAGG ETC, A: upper quadrants, Sakis Adamidis, PT, PhD.<\/p>\n\n\n\n<p class=\"has-text-align-left\">2023 Brian Mulliga&#8217;ns Concept, MOBILISATIONS WITH MOVEMENT, NAGG ETC, B: lower quadrants, Sakis Adamidis, PT, PhD.<\/p>\n\n\n\n<p class=\"has-text-align-left\">2023 Such\u00e1 ihla medic\u00ednsk\u00e1 akupunktura, Milosz Parchimowicz<\/p>\n\n\n\n<p class=\"has-text-align-left\">2022 International Diploma in Myofascial Cupping Therapy, For The Treatment of Myofascil Pain, OMT Training, Mr. Jimmy Michael, BSc (Hons) Osteopathy <\/p>\n\n\n\n<p class=\"has-text-align-left\">2022 Clinical Compression Flossing\/ Voodoo Flossing techniques, Mr. Giles Gyer, Osteopathy <\/p>\n\n\n\n<p class=\"has-text-align-left\">2022 Kraniosakr\u00e1ln\u00ed osteopatie I. a II. \u00farove\u0148, Sofia Vidau, D.O.<\/p>\n\n\n\n<p class=\"has-text-align-left\">2021 Yumeiho Therapy Grade I. a II., Kreinto de Yumeiho Metodo estis Majstro Saionji Masayuky <\/p>\n\n\n\n<p class=\"has-text-align-left\">2019 Manu\u00e1ln\u00ed terapie (m\u011bkk\u00e9 techniky a mobilizace), Yoda institut, Ji\u0159\u00ed Kalina <\/p>\n\n\n\n<p class=\"has-text-align-left\">2019 Manu\u00e1ln\u00ed techniky, spir\u00e1ln\u00ed stabilizace (SM syst\u00e9m), 1A, 1B, 1C, 1D, Ing. Roman Nesvatba <\/p>\n\n\n\n<p class=\"has-text-align-left\">2019 Wandee Ancient Thai Massage, Therapy Massage, Tok Sen Massage, Herbal Masage <\/p>\n\n\n\n<p class=\"has-text-align-left\">2018 Terapie RAIDROP, MUDr. Petr Rychl\u00edk <\/p>\n\n\n\n<p class=\"has-text-align-left\">2017 Funk\u010dn\u00ed tren\u00e9r se zdravotn\u00edm zam\u011b\u0159en\u00edm, &#8222;Instruktor zdravotn\u00ed t\u011blesn\u00e9 vy\u00fdchovy&#8220;, Improve Acadamy, Vladim\u00edr Hirka<\/p>\n\n\n\n<p class=\"has-text-align-left\">2017 Chiropraxia &#8211; pohybov\u00e1 terapie \u00farove\u0148 I. a II., Zdenko Ga\u0161per\u00e1k <\/p>\n\n\n\n<p class=\"has-text-align-left\">2017 Thajsk\u00e1 tradi\u010dn\u00ed mas\u00e1\u017e, Euduspa, Eleni Loannopulu <\/p>\n\n\n\n<p class=\"has-text-align-left\">2016 Funk\u010dn\u00ed manu\u00e1ln\u00ed medic\u00edna, doc. MUDr. Miroslav Tich\u00fd<\/p>\n\n\n\n<p class=\"has-text-align-left\">2015 Trigger points, Eduspa College, Robert Al Aref <\/p>\n\n\n\n<p class=\"has-text-align-left\">2015 Shamballa, zasv\u011bcen\u00ed do I. &#8211; IV. stupn\u011b, Veronika Torov\u00e1 <\/p>\n\n\n\n<p class=\"has-text-align-left\">2011 Manu\u00e1ln\u00ed lymfodren\u00e1\u017e (KDT) a band\u00e1\u017eov\u00e1n\u00ed, lymfolog Hana V\u00e1chov\u00e1<\/p>\n\n\n\n<p class=\"has-text-align-left\">2011 Odborn\u00e1 konference &#8211; Ergoterpie, Psychopedick\u00e1 spole\u010dnost <\/p>\n\n\n\n<p class=\"has-text-align-left\">2009 \u00c1jurv\u00e9dsk\u00e1 mas\u00e1\u017e, Sr\u00ed Lanka<\/p>\n\n\n\n<p class=\"has-text-align-left\">2009 Mas\u00e9r pro rekondi\u010dn\u00ed mas\u00e1\u017e se specializac\u00ed pro tradi\u010dn\u00ed \u010d\u00ednksou mas\u00e1\u017e TUI NA, TCM Institut, Marian Ko\u0161a <\/p>\n\n\n\n<p class=\"has-text-align-left\">2007 \u010c\u00ednsk\u00e9 techniky (ba\u0148kov\u00e1n\u00ed, moxa, QUA SHA, u\u0161n\u00ed sv\u00edce, \u010d\u00ednsk\u00e1 mas\u00e1\u017e &#8211; uvol\u0148ov\u00e1n\u00ed blok\u00e1d), Dr. Ying Wu Wang<\/p>\n\n\n\n<p class=\"has-text-align-left\">2007 Reiky USUI SHIKI RYOHO, mistr Michal Kronovetr <\/p>\n\n\n\n<p class=\"has-text-align-left\">2006 Dornova metoda, Breussova mas\u00e1\u017e, Robert Al Aref <\/p>\n\n\n\n<p class=\"has-text-align-left\">2006 Kahuna Therapy <\/p>\n\n\n\n<p class=\"has-text-align-left\">2006 Reflexn\u00ed z\u00f3nov\u00e9 terapie na noze <\/p>\n\n\n\n<p class=\"has-text-align-left\">2004 Mas\u00e9r pro sportovn\u00ed a rekondi\u010dn\u00ed mas\u00e1\u017ee <\/p>\n\n\n\n<p class=\"has-text-align-left\">2003 Kurz pro pracovn\u00ed \u010dinnost &#8222;pe\u010dovatel o klienta s epilepsi\u00ed&#8220;, Vzd\u011bl\u00e1vac\u00ed za\u0159\u00edzen\u00ed Spole\u010dnost &#8222;E&#8220; <\/p>\n\n\n\n<p class=\"has-text-align-left\">2002 Systematick\u00fd kurz arteterapie, \u010cesk\u00e1 arteterapeutick\u00e1 asociace <\/p>\n\n\n\n<p class=\"has-text-align-left\">2000 V\u00fdchovn\u00fd asistent ve speci\u00e1ln\u00edch za\u0159\u00edzen\u00edch pro d\u011bti a ml\u00e1de\u017e s ment\u00e1ln\u00edm posti\u017een\u00edm, osv\u011bd\u010den\u00ed.<\/p>\n\n\n\n<p><\/p>\n\n\n\n<p><\/p>\n\n\n\n<p><\/p>\n","protected":false},"excerpt":{"rendered":"<p>Bc. Hana Pek\u00e1rkov\u00e1, DiS. Propojen\u00ed du\u0161e a t\u011bla m\u011b fascinovalo ji\u017e od d\u011btstv\u00ed. Vystudovala jsem VZ\u0160 v Praze, obor psychiatrie, V\u0160Z obor fyzioterapie a d\u00e1le se vzd\u011bl\u00e1v\u00e1m na magistersk\u00e9m studiu v Bratislav\u011b na Fakult\u011b o\u0161et\u0159ovatelstv\u00ed a zdravotnick\u00fdch obor\u016f v oboru fyzioterapie a na CADAN &#8211; School of Osteopathy v oboru osteopatie. Jde o mezin\u00e1rodn\u011b uznav\u00e1nou &hellip; <\/p>\n<p class=\"link-more\"><a href=\"https:\/\/www.rehape.cz\/index.php\/o-mne\/\" class=\"more-link\">Pokra\u010dovat ve \u010dten\u00ed<span class=\"screen-reader-text\"> &#8222;P\u00e1r slov o mn\u011b&#8220;<\/span><\/a><\/p>\n","protected":false},"author":1,"featured_media":0,"parent":0,"menu_order":0,"comment_status":"closed","ping_status":"closed","template":"","meta":{"footnotes":""},"class_list":["post-47","page","type-page","status-publish","hentry"],"_links":{"self":[{"href":"https:\/\/www.rehape.cz\/index.php\/wp-json\/wp\/v2\/pages\/47"}],"collection":[{"href":"https:\/\/www.rehape.cz\/index.php\/wp-json\/wp\/v2\/pages"}],"about":[{"href":"https:\/\/www.rehape.cz\/index.php\/wp-json\/wp\/v2\/types\/page"}],"author":[{"embeddable":true,"href":"https:\/\/www.rehape.cz\/index.php\/wp-json\/wp\/v2\/users\/1"}],"replies":[{"embeddable":true,"href":"https:\/\/www.rehape.cz\/index.php\/wp-json\/wp\/v2\/comments?post=47"}],"version-history":[{"count":50,"href":"https:\/\/www.rehape.cz\/index.php\/wp-json\/wp\/v2\/pages\/47\/revisions"}],"predecessor-version":[{"id":998,"href":"https:\/\/www.rehape.cz\/index.php\/wp-json\/wp\/v2\/pages\/47\/revisions\/998"}],"wp:attachment":[{"href":"https:\/\/www.rehape.cz\/index.php\/wp-json\/wp\/v2\/media?parent=47"}],"curies":[{"name":"wp","href":"https:\/\/api.w.org\/{rel}","templated":true}]}}

Pár slov o mně

<div class="wp-block-image is-resized">
<figure class="aligncenter size-large"><img loading="lazy" decoding="async" width="432" height="592" src="http://www.rehape.cz/wp-content/uploads/2022/05/20171009_135540.jpg" alt="" class="wp-image-326" style="width:206px;height:auto" srcset="https://www.rehape.cz/wp-content/uploads/2022/05/20171009_135540.jpg 432w, https://www.rehape.cz/wp-content/uploads/2022/05/20171009_135540-219x300.jpg 219w" sizes="(max-width: 432px) 100vw, 432px" /></figure></div>


<p>Bc. Hana Pekárková, DiS.</p>



<p>Propojení duše a těla mě fascinovalo již od dětství. Vystudovala jsem VZŠ v Praze, obor psychiatrie, VŠZ obor fyzioterapie a dále se vzdělávám na magisterském studiu v Bratislavě na Fakultě ošetřovatelství a zdravotnických oborů v oboru fyzioterapie a na CADAN &#8211; School of Osteopathy v oboru osteopatie. Jde o mezinárodně uznavánou školu, jejíž výuka odpovídá standardům WHO, EFSOET a CEN.</p>



<p>Terapii a alternativním metodám podpory zdraví se věnuji přes 18 let. Za svou praxi jsem si vypěstovala svoji vlastní techniku, ve které kombinuji terapie s ájurvédskými, havajskými, čínskými, japonskými a thajskými technikami. Terapie propojuji se svými poznatky s fyzioterapie a osteopatie.</p>



<p>Při své práci se snažím propojit změny a problémy v oblasti pohybového aparátu, pohybovými návyky a stereotypy, s vaším životním stylem a psychikou.</p>



<p>Osobně se zajímám i o Vaše starosti a životní rytmus, které mají souvislost se vznikem Vašich primárních pohybových obtíží. Orientuji se na těle podle provázanosti funkčních změn orgánů, svalů, měkkých tkání &#8211; fascií, cév, lymfatických cév, nervů, kloubů a páteře.</p>



<p>Terapii doplňuji o zdravotní cvičení zaměřené na korekci svalových dysbalancí.</p>



<p><strong>Profesní profil</strong></p>



<p>Slovenská zdravotnická univerzita, Fakulta ošetřovatelství a zdravotnických oborů,  magisterský obor &#8211; fyzioterapie &#8211; studuji</p>



<p>CADAN &#8211; School of Osteopathy &#8211; studuji</p>



<p id="u239541-2">Vysoká škola zdravotnická &#8211; Státní závěrečná zkouška z fyzioterapie &#8211; teoretická                        a praktická. Obhajoba bakalářské práce &#8211; Fyzioterapie u pacienta s ankylozující spondylitidou</p>



<p id="u239541-2">Vyšší odborná škola &#8211; Absolutorium z praktické a teoretické (psychologie, psychiatrie              a psychoterapie). Obhajoba absolventské práce &#8211; Tvořivá komunikace s mentálně retardovaným pacientem na psychiatrii</p>



<p><strong>Člen</strong>                                        </p>



<p>Unie fyzioterapeutů ČR</p>



<p class="has-text-align-left"><strong>Pracovní zkušenosti</strong>                                                                                                                                                                                                                                                                                                                                                                                                                                                                                                                                                                                                                                                                                </p>



<p>1/2025 &#8211; dosud, Oddělení rehabilitační a fyzikální medicíny, Nemocnice Na Františku </p>



<p class="has-text-align-left">9/2021 &#8211; 5/2024 Oddělení fyzioterapie a fyzikální medicíny, neurologie, ARO, ÚVN</p>



<p>4/2018 &#8211; dosud, Trenérská činnost se zaměřením na individuální zdravotní cvičení</p>



<p class="has-text-align-left">9/2014 &#8211; 6/2017 Oddělení spondylochirurgie, neurologie, ortopedie, traumatologie                   a oddělení fyzioterapie a fyzikální medicíny ÚVN</p>



<p>7/209 &#8211; 6/2014 Horské rekreační zařízení &#8211; Vedoucí provozu + terapie pohybového aparátu</p>



<p class="has-text-align-left">8/2005 &#8211; 6/2009 Mateřská a základní škola speciální, terapeut pro výtvarnou činnost, terapeut pohybové výchovy</p>



<p class="has-text-align-left">4/2004 &#8211; dosud, Terapeut OSVČ</p>



<p class="has-text-align-left"><strong>Znalosti a dovednosti </strong>&#8211; Absolvované kurzy</p>



<p class="has-text-align-left">2025 Viscerální terapie, Mgr. Magda Klimaszevska, D.O., MSc PT.</p>



<p class="has-text-align-left">2024 Hluboký stabilizační systém páteře, Rehabilitace Bitnar</p>



<p class="has-text-align-left">2023 Mulligan koncept refres kurz, Sakis Adamidis, PT, PhD.</p>



<p class="has-text-align-left">2023 Brian Mulliga&#8217;ns Concept, MOBILISATIONS WITH MOVEMENT, NAGG ETC, A: upper quadrants, Sakis Adamidis, PT, PhD.</p>



<p class="has-text-align-left">2023 Brian Mulliga&#8217;ns Concept, MOBILISATIONS WITH MOVEMENT, NAGG ETC, B: lower quadrants, Sakis Adamidis, PT, PhD.</p>



<p class="has-text-align-left">2023 Suchá ihla medicínská akupunktura, Milosz Parchimowicz</p>



<p class="has-text-align-left">2022 International Diploma in Myofascial Cupping Therapy, For The Treatment of Myofascil Pain, OMT Training, Mr. Jimmy Michael, BSc (Hons) Osteopathy </p>



<p class="has-text-align-left">2022 Clinical Compression Flossing/ Voodoo Flossing techniques, Mr. Giles Gyer, Osteopathy </p>



<p class="has-text-align-left">2022 Kraniosakrální osteopatie I. a II. úroveň, Sofia Vidau, D.O.</p>



<p class="has-text-align-left">2021 Yumeiho Therapy Grade I. a II., Kreinto de Yumeiho Metodo estis Majstro Saionji Masayuky </p>



<p class="has-text-align-left">2019 Manuální terapie (měkké techniky a mobilizace), Yoda institut, Jiří Kalina </p>



<p class="has-text-align-left">2019 Manuální techniky, spirální stabilizace (SM systém), 1A, 1B, 1C, 1D, Ing. Roman Nesvatba </p>



<p class="has-text-align-left">2019 Wandee Ancient Thai Massage, Therapy Massage, Tok Sen Massage, Herbal Masage </p>



<p class="has-text-align-left">2018 Terapie RAIDROP, MUDr. Petr Rychlík </p>



<p class="has-text-align-left">2017 Funkční trenér se zdravotním zaměřením, &#8222;Instruktor zdravotní tělesné vyýchovy&#8220;, Improve Acadamy, Vladimír Hirka</p>



<p class="has-text-align-left">2017 Chiropraxia &#8211; pohybová terapie úroveň I. a II., Zdenko Gašperák </p>



<p class="has-text-align-left">2017 Thajská tradiční masáž, Euduspa, Eleni Loannopulu </p>



<p class="has-text-align-left">2016 Funkční manuální medicína, doc. MUDr. Miroslav Tichý</p>



<p class="has-text-align-left">2015 Trigger points, Eduspa College, Robert Al Aref </p>



<p class="has-text-align-left">2015 Shamballa, zasvěcení do I. &#8211; IV. stupně, Veronika Torová </p>



<p class="has-text-align-left">2011 Manuální lymfodrenáž (KDT) a bandážování, lymfolog Hana Váchová</p>



<p class="has-text-align-left">2011 Odborná konference &#8211; Ergoterpie, Psychopedická společnost </p>



<p class="has-text-align-left">2009 Ájurvédská masáž, Srí Lanka</p>



<p class="has-text-align-left">2009 Masér pro rekondiční masáž se specializací pro tradiční čínksou masáž TUI NA, TCM Institut, Marian Koša </p>



<p class="has-text-align-left">2007 Čínské techniky (baňkování, moxa, QUA SHA, ušní svíce, čínská masáž &#8211; uvolňování blokád), Dr. Ying Wu Wang</p>



<p class="has-text-align-left">2007 Reiky USUI SHIKI RYOHO, mistr Michal Kronovetr </p>



<p class="has-text-align-left">2006 Dornova metoda, Breussova masáž, Robert Al Aref </p>



<p class="has-text-align-left">2006 Kahuna Therapy </p>



<p class="has-text-align-left">2006 Reflexní zónové terapie na noze </p>



<p class="has-text-align-left">2004 Masér pro sportovní a rekondiční masáže </p>



<p class="has-text-align-left">2003 Kurz pro pracovní činnost &#8222;pečovatel o klienta s epilepsií&#8220;, Vzdělávací zařízení Společnost &#8222;E&#8220; </p>



<p class="has-text-align-left">2002 Systematický kurz arteterapie, Česká arteterapeutická asociace </p>



<p class="has-text-align-left">2000 Výchovný asistent ve speciálních zařízeních pro děti a mládež s mentálním postižením, osvědčení.</p>



<p></p>



<p></p>



<p></p>

<p>Bc. Hana Pekárková, DiS. Propojení duše a těla mě fascinovalo již od dětství. Vystudovala jsem VZŠ v Praze, obor psychiatrie, VŠZ obor fyzioterapie a dále se vzdělávám na magisterském studiu v Bratislavě na Fakultě ošetřovatelství a zdravotnických oborů v oboru fyzioterapie a na CADAN &#8211; School of Osteopathy v oboru osteopatie. Jde o mezinárodně uznavánou &hellip; </p>
<p class="link-more"><a href="https://www.rehape.cz/index.php/o-mne/" class="more-link">Pokračovat ve čtení<span class="screen-reader-text"> &#8222;Pár slov o mně&#8220;</span></a></p>
